. Let r = -93 + q. Is r a prime number?
True
Let d(q) be the first derivative of -19*q**4/4 - 3*q**3 - 3*q**2/2 + 2*q + 23. Let o be (-5 - -1)*(-3)/(-4). Is d(o) prime?
True
Let b(t) = -4*t + 3. Let l be b(2). Let c(n) be the second derivative of n**4/4 - n**3/3 - 16*n**2 - 27*n. Is c(l) composite?
False
Let i = -55 + 61. Suppose 2143 = i*u - 83. Suppose 0 = b - 2*b + u. Is b a composite number?
True
Suppose -139*u - 4*d = -137*u - 565238, 2*u - 565242 = -2*d. Is u a prime number?
False
Let i = 17855 - 6262. Is i a composite number?
False
Suppose -44*i + 45*i = 8*h - 42085, -4*i + 10534 = 2*h. Is h composite?
False
Suppose 7*m + 2288 = 510. Let v = m - -747. Let r = -292 + v. Is r prime?
False
Let p(c) = -2*c**2 + 58*c - 105. Let y be p(27). Suppose -5*x + y*n = -55454, 2*x - 4*n = 26159 - 3969. Is x prime?
False
Suppose 0 = 2*d + 3*w - 75, 7*d - w - 157 = 3*d. Is d/(-26) + (-10442)/(-4) composite?
False
Suppose -73*s - 18431264 = 51*s - 92707140. Is s prime?
True
Suppose 14*t + 576 = 30*t. Suppose 186874 = t*i - 424154. Is i a prime number?
False
Let l be (-3504)/((-42)/(-7)) - 3/1. Let y = l + 1261. Is y a composite number?
True
Let t = -92544 - -215343. Is t composite?
True
Let z be (30367 - -7)/(-2)*1/1. Let q = -8666 - z. Is q prime?
True
Let l be (2/(-10))/(3/(-60)). Suppose -l*r = -5*n + 1265, 0*n = 5*n - 5*r - 1265. Is n a composite number?
True
Suppose 77*a + 3990 = d + 80*a, 0 = 2*d - 4*a - 7930. Let j = d - -3664. Is j prime?
True
Suppose -92*x + 159058936 = 45*x + 22478019. Is x a composite number?
True
Let c(a) = -4*a - 43. Let p be c(-11). Let q be (-5 + p + 1)*-6. Suppose 0 = 3*i - q*i + 10095. Is i prime?
True
Let a = 884944 - 604109. Is a a prime number?
False
Let r be (-7 - (-2 - -3))*5/10. Is 2 - (r/6 - 6506/6) a composite number?
False
Let h be (-1)/3 + (3 - (-24)/(-9)). Suppose h*k = -4*k + 2*j + 20, -5*j - 23 = -k. Suppose -k*x - 2*y = -241, -5*y - 87 = -x + 16. Is x prime?
True
Let y be (8/(-16))/((-1)/10). Suppose -5 = q + 4*v, -4*q = y*v + 10 - 1. Is (1052 - (q + 4))*1 a composite number?
False
Suppose 0 = -223*a + 443621 + 2146970. Is a a composite number?
False
Let g = -150 - -125. Is 52692/(-1 - 2)*g/100 prime?
True
Suppose 4*u = -3*p + 7, 2*p = -3*u + 4*p + 18. Suppose -3*z = 5*d - 9, 5 = d + z + u. Suppose d*k = i + 5122, 552 + 1160 = k - 5*i. Is k composite?
True
Let m be 2 + (-1 - -4) - -5876. Let l = m + -4170. Is l prime?
False
Let f = 62 + -61. Let i be f + (-2)/(-1) + (-44916)/(-12). Let q = i + -103. Is q a composite number?
False
Let b = -103 - -123. Suppose 0 = 2*f - f - 4*a - 18, 2*f = 4*a + b. Suppose -3*o + 6635 = f*o. Is o a prime number?
True
Let t = 237 - 145. Let p be -3*(-5 - 10/(-3)). Let q = t - p. Is q composite?
True
Suppose 291*h - 294*h + 11463 = 0. Is h prime?
True
Suppose -2*h - 2*f = -26, 5*f - 7 = 18. Suppose 3*z = 4*s - 2173, h*s - 5*z - 1097 = 6*s. Is s a prime number?
True
Suppose -7886 + 323893 = 43*k. Is k composite?
False
Let k(x) = -4567*x - 1625. Is k(-16) a composite number?
True
Let f(u) = -u + 23. Let r be f(19). Let o be (-6 + r + 1)*-2. Suppose -o*t = 5*h - 2605, -6555 = -8*t + 3*t - 4*h. Is t composite?
True
Let a be (-2 - -1) + (0 - 0/4). Let x = a + 20. Let h = x - -46. Is h a composite number?
True
Is ((-12 - -6) + (-153)/(-27))/((-2)/76746) a composite number?
False
Let y = 7 + 2. Let x(m) = -m**3 - 12*m**2 + 9*m + 12. Let c be x(y). Let v = 3045 + c. Is v composite?
True
Suppose 4*r = -8, 2*g - 2*r + 2 - 14 = 0. Suppose 5*w = 4*w - 2, g*w - 9846 = -2*y. Is y a prime number?
False
Let j(i) = -6*i + 188. Let h be j(31). Suppose -h*a + 15576 = 2*z, 5*a + 2695 - 10463 = -z. Is z a composite number?
False
Let g(a) = a**2 - a + 1. Let o be g(2). Suppose -h = o*i + 279, -i = i + 3*h + 193. Let d = i + 138. Is d a prime number?
False
Let z(l) = 5*l**2 - 3*l + 19. Let m = -5 - -19. Suppose 5*c - 36 = -5*x + m, -3*x = -3. Is z(c) prime?
True
Let o = 3130 - 4807. Let p = o + 4399. Is p a prime number?
False
Suppose 28*n - 30*n = 30. Let h = -12 - n. Suppose 0 = h*w - 2*w - 1163. Is w a prime number?
True
Suppose 0 = 4*l + 2*k - 937337 + 269549, 0 = -3*l - 2*k + 500839. Is l a composite number?
False
Let z(v) = -v**2 + 8*v + 13. Let l be z(9). Let b be -457 - (-5 + l - 1). Let t = -204 - b. Is t a composite number?
False
Let w(x) = -7*x + 97. Let t be w(16). Is (45/(-3))/(-3)*(-5331)/t composite?
False
Let l = -5 + 29. Let f = l - 24. Suppose 4*s = 5*v - 2257, f = 4*v - s + 3*s - 1790. Is v composite?
False
Suppose 4*l - 22 = 22. Suppose l*y + 0*y = -2*y. Suppose y = -f + 6*f - 1465. Is f a composite number?
False
Suppose -9 = 3*w + 3*z + 75, 3*w + 68 = z. Let q(m) = 85*m - 149. Let l be q(-2). Let j = w - l. Is j prime?
False
Let i(l) = l - 22. Let v(s) = s - 23. Let k(r) = -7*i(r) + 6*v(r). Let o be k(14). Suppose -349 = -3*u + o*w, 4*u - 4*w = u + 353. Is u prime?
False
Let w(k) = k**3 + 54*k**2 + 105*k + 122. Let j be w(-52). Is (-78710)/(-15) - j/(-42) composite?
True
Is 20/(-40)*-1595310 + (-6 - 0) a composite number?
True
Is (420269/5)/((-239)/(-3585)) + 14 a composite number?
True
Let m(z) = -2*z**2 - 10*z + 2. Let x be m(-5). Suppose x*n - 2654 = -216. Is n a composite number?
True
Let z = 658478 + -440040. Suppose 71019 = -5*y - 2*g + z, 0 = -2*g + 4. Is y prime?
True
Let g = -6750 - -53824. Suppose -g = -17*y + 59805. Is y a prime number?
True
Suppose -6*k = -8*k + 30. Suppose -3*q + 15 = k. Suppose -w + 2*x + 407 = 0, q = -3*w + 3*x + 1385 - 158. Is w a prime number?
False
Suppose -2*s - 5*n = -259739, 3*s - 2*n - 250296 = 139341. Is s a composite number?
True
Is (1/(-7))/((-605)/385) + 5068116/22 a composite number?
False
Let a(l) = -3344*l + 166. Let y be a(-2). Let n = y - 2383. Is n a composite number?
True
Let u(t) be the first derivative of -2255*t**2/2 - 23*t - 57. Is u(-2) prime?
False
Suppose -6*g + 112 = g. Suppose -6*l = 3*i - 4*l - 8, 2*i - 4*l = g. Suppose -i*w + 875 = -897. Is w a prime number?
True
Suppose -20*f - 622950 = -70*f. Is f composite?
True
Suppose 13*w + 12*w = 6*w. Is ((-4)/(-6))/((-22)/(-494835) - w) composite?
True
Suppose 0 = -5*w - 0*w + 565. Let y(i) = -2*i**2 + 35*i - 65. Let a be y(5). Let t = w - a. Is t a composite number?
False
Suppose -26*i - 2490 = -9016. Suppose -4*o = 2*p + 364 + 112, 4*o = -p - 228. Let b = i - p. Is b a prime number?
True
Let n(o) = 2*o - 3. Let k be n(3). Let h be 55*(-26)/(-143) + 3/((-6)/(-16)). Is (-2669)/(-6) + k/h prime?
False
Let m(z) = z - 7. Let q be 808/72 + 4/(-18). Let a be m(q). Is (a - 0) + (438 - 15) a composite number?
True
Suppose 189*o = 94*o + 1062385. Is o composite?
True
Let b be (-7)/((-28)/(-16))*(-63)/36. Is ((-4484)/(-266))/(1/b) a composite number?
True
Suppose 12*u = 16*u - 12. Suppose -20 + 350 = u*n. Let b = n + 75. Is b prime?
False
Is ((-16)/(-12))/(-4) - 73*65584/(-48) composite?
True
Let l(k) = -197043*k - 302. Is l(-3) a prime number?
False
Let x(f) = -565*f - 43. Let a = -103 + 101. Is x(a) prime?
True
Let c(i) = i**3 - 17*i**2 - 32*i + 27. Suppose -2*g + 34 + 8 = 0. Is c(g) a prime number?
False
Suppose 0 = 6*i + 156 - 750. Let t = 201 - i. Suppose t*x + 452 = 106*x. Is x a composite number?
False
Suppose -5 = -4*o - 4*s + s, s = 3*o - 7. Suppose 0 = 4*z - 7*d + 2*d - 17121, -2*z - o*d + 8538 = 0. Is z a prime number?
False
Let d(s) = -s**3 + 8*s**2 + 8*s + 6. Let x be d(-8). Let c = 491 - 878. Let v = c + x. Is v a composite number?
True
Let w = 3635 - 1486. Is w a prime number?
False
Let r(x) = x**3 + 2*x**2 - x - 2. Let c be r(-1). Let i(u) = u - 722. Let z be i(c). Let f = z - -1243. Is f composite?
False
Suppose 89257 + 119767 = 16*j. Suppose j + 8647 = 3*u. Is u a composite number?
False
Suppose 3*j - 5*t - 6583201 = -1194324, 0 = 3*t + 24. Is j a prime number?
False
Suppose 11*x - 15 = 14*x. Let o(d) = 238*d**2 - 5*d - 24. Is o(x) composite?
True
Suppose 6*m - 4 = 26. Is (m - 7)*(-3)/(12/23354) a composite number?
False
Let z(y) = -1675*y**3 + 6*y**2 + 40*y + 122. Is z(-3) composite?
False
Suppose 19617 = r - 4*z - 6320, -3*z + 77811 = 3*r. Is r a composite number?
True
Let f be 4/(12/9) - 0. Let c(l) = 88*l - 81. Let h be c(4). Suppose -q - f*y = -3*q + h, -q - 4*y + 130 = 0. Is q a prime number?
False
Let f = 2903 + -1763. Let v = f + -439. Is v prime?
True
Let